ase 8) to base 12
-10039
-141422 (base 5) to base 6
-43050
Convert 19cd (base 14) to base 16.
1251
What is -10100111101 (base 2) in base 9?
-1750
-751 (base 11) to base 13
-546
2404 (base 5) to base 4
11202
What is 34177 (base 11) in base 3?
2111211120
903 (base 12) to base 14
68b
1931 (base 13) to base 10
3758
What is 131550 (base 6) in base 9?
17523
3a59 (base 14) to base 6
115315
Convert -1db (base 14) to base 12.
-285
2825 (base 9) to base 3
2220212
What is 1068 (base 10) in base 12?
750
688 (base 13) to base 16
466
3603 (base 7) to base 9
1733
What is -57511 (base 9) in base 11?
-2687a
-10001000100001 (base 2) to base 16
-2221
31323110 (base 4) to base 14
16b08
Convert aa0 (base 16) to base 4.
222200
What is 141204 (base 5) in base 7?
22631
What is 15162 (base 9) in base 4?
2201213
23214 (base 8) to base 11
7461
What is 462 (base 15) in base 16?
3e0
What is -10010100010011 (base 2) in base 10?
-9491
What is 932a (base 11) in base 16?
3056
-50b (base 12) to base 7
-2063
What is -1132 (base 5) in base 4?
-2213
What is 211 (base 15) in base 14?
254
What is -2130031 (base 4) in base 6?
-114141
Convert -31050 (base 6) to base 2.
-1000000100110
What is -1011100111 (base 2) in base 9?
-1015
What is -56121 (base 7) in base 15?
-42bc
-21884 (base 9) to base 2
-11100011101111
What is -10211210 (base 3) in base 4?
-223302
Convert 736 (base 9) to base 5.
4400
Convert -21201 (base 5) to base 12.
-9aa
What is -324232 (base 5) in base 7?
-44426
-1510 (base 6) to base 3
-112220
What is -ee5 (base 15) in base 9?
-4548
Convert 11210301 (base 4) to base 9.
34280
Convert a79 (base 11) to base 8.
2420
What is -1423 (base 6) in base 9?
-456
What is 110421 (base 5) in base 4?
330111
What is -322241 (base 6) in base 10?
-26449
What is 525 (base 11) in base 4?
21320
What is -3b06 (base 13) in base 10?
-8456
Convert 10210 (base 4) to base 5.
2132
What is 6ae (base 15) in base 12?
a62
Convert -42453 (base 11) to base 4.
-33011020
What is -320123 (base 4) in base 7?
-13346
-76 (base 16) to base 12
-9a
-2c9 (base 13) to base 11
-418
What is 1154535 (base 6) in base 9?
104015
43d (base 16) to base 4
100331
-17643 (base 8) to base 12
-482b
11183 (base 9) to base 7
30465
411 (base 9) to base 11
284
-10b (base 13) to base 4
-2310
Convert -2100001 (base 3) to base 4.
-122212
What is -4d3 (base 16) in base 2?
-10011010011
15701 (base 8) to base 13
3307
What is -20100120 (base 3) in base 11?
-3531
What is -2a51 (base 11) in base 13?
-1a32
What is -1952 (base 10) in base 5?
-30302
What is d9a5 (base 15) in base 6?
553115
What is 534 (base 13) in base 12?
620
What is 390 (base 13) in base 6?
2520
10568 (base 9) to base 6
52312
4525 (base 6) to base 8
2045
1344410 (base 5) to base 14
a357
Convert 1202 (base 4) to base 11.
8a
Convert -4ca3 (base 16) to base 2.
-100110010100011
-520 (base 9) to base 7
-1143
Convert -6325 (base 8) to base 12.
-1a99
Convert -11020 (base 9) to base 13.
-3432
-609b (base 13) to base 16
-33fe
17 (base 9) to base 13
13
What is 2032 (base 5) in base 3?
100220
Convert 2052 (base 7) to base 6.
3203
-8672 (base 9) to base 12
-383b
Convert 161 (base 8) to base 15.
78
Convert 1223 (base 7) to base 12.
322
a3 (base 11) to base 13
89
Convert -100221 (base 3) to base 7.
-532
Convert 92 (base 14) to base 11.
107
Convert f775 (base 16) to base 9.
105807
What is 110045 (base 7) in base 16?
4b29
What is -86a (base 12) in base 11?
-a22
What is 1000011011 (base 2) in base 13?
326
-3cf7 (base 16) to base 8
-36367
-168a4 (base 14) to base 5
-3302332
-7c5 (base 15) to base 7
-5063
Convert -101110 (base 4) to base 6.
-5044
Convert -1000011 (base 3) to base 12.
-511
Convert 4542 (base 7) to base 10.
1647
597a (base 15) to base 4
10221013
-772 (base 9) to base 5
-10012
-141211 (base 5) to base 10
-5806
Convert -43342 (base 5) to base 3.
-11002002
What is 915d (base 14) in base 6?
311343
Convert -7272 (base 8) to base 10.
-3770
10100100110001 (base 2) to base 8
24461
Convert -3122 (base 11) to base 3.
-12200021
What is 12308 (base 11) in base 2?
100010100001010
-12231 (base 7) to base 4
-302013
43347 (base 9) to base 10
28717
What is 6331 (base 11) in base 6?
102451
-22c (base 13) to base 2
-101111000
Convert 151 (base 16) to base 5.
2322
What is 1152 (base 6) in base 7?
554
What is -32331 (base 6) in base 3?
-20002201
Convert -36 (base 8) to base 11.
-28
1010111101111100 (base 2) to base 5
2414144
1423b (base 14) to base 16
c2ad
-10001010110101000 (base 2) to base 5
-4233310
1460 (base 11) to base 3
2120200
Convert -ac8a (base 16) to base 10.
-44170
-80c3 (base 13) to base 5
-1031420
Convert -2035 (base 9) to base 8.
-2722
What is 726 (base 11) in base 9?
1172
703 (base 10) to base 14
383
Convert 32a8 (base 13) to base 2.
1101110011011
Convert 12134 (base 9) to base 15.
2621
62173 (base 8) to base 5
1310343
Convert 2767 (base 8) to base 2.
10111110111
Convert -43a5 (base 12) to base 16.
-1d2d
What is b17 (base 12) in base 9?
2171
Convert -5a08 (base 15) to base 12.
-b0a5
18a5 (base 11) to base 3
10022102
-5350 (base 8) to base 16
-ae8
5432 (base 7) to base 11
14a9
25580 (base 12) to base 7
301323
Convert 23122 (base 4) to base 6.
3214
Convert 8617 (base 9) to base 15.
1d24
-1001100111 (base 2) to base 14
-31d
Convert a80 (base 11) to base 2.
10100010010
What is 198 (base 14) in base 9?
406
-536 (base 10) to base 5
-4121
What is -3c5d (base 14) in base 15?
-3262
6 (base 8) to base 15
6
Convert 174 (base 14) to base 11.
251
What is -f57 (base 16) in base 7?
-14310
1121 (base 4) to base 12
75
95 (base 12) to base 2
1110001
What is 1022120220 (base 3) in base 15?
7a49
What is 1431401 (base 5) in base 12?
155aa
What is 2011200 (base 3) in base 16?
630
Convert -23324 (base 6) to base 4.
-310210
What is -214 (base 12) in base 16?
-130
-a46 (base 14) to base 12
-1206
243c (base 14) to base 3
22200022
5a (base 12) to base 14
50
Convert -1013230 (base 4) to base 9.
-6257
Convert 113a (base 13) to base 15.
ab0
What is 443 (base 16) in base 11?
902
Convert -3003 (base 7) to base 12.
-720
Convert 1220 (base 7) to base 16.
1c7
Convert -5200 (base 9) to base 10.
-3807
202012 (base 3) to base 4
20201
-213101 (base 4) to base 7
-10220
What is -2aa2 (base 11) in base 4?
-332100
Convert 67 (base 12) to base 7.
142
Convert -4783 (base 12) to base 15.
-2599
1000010100 (base 2) to base 3
201201
Convert -122211 (base 3) to base 14.
-265
26604 (base 9) to base 10
17986
Convert 21212011 (base 3) to base 8.
13140
7324 (base 8) to base 12
2244
Convert -12492 (base 13) to base 14.
-c42a
What is 100052 (base 6) in base 7?
31523
What is 1302101 (base 4) in base 13?
3437
What is 3bf (base 16) in base 5?
12314
Convert 266 (base 9) to base 10.
222
1906 (base 13) to base 11
2886
Convert -100011110011 (base 2) to base 4.
-203303
-20560 (base 9) to base 11
-a227
8408 (base 13) to base 6
220312
What is -5311 (base 7) in base 6?
-12354
-30cd (base 15) to base 4
-2201032
What is 7f10 (base 16) in base 6?
410332
90 (base 11) to base 8
143
a78e (base 15) to base 7
205244
-22174 (base 8) to base 4
-2101330
Convert 10032320 (base 4) to base 14.
6464
Convert -10423 (base 5) to base 13.
-44a
5366 (base 8) to base 7
11116
1102021 (base 3) to base 13
616
What is 51521 (base 7) in base 16?
3140
Convert 24354 (base 6) to base 12.
20ba
What is -11195 (base 14) in base 4?
-22020033
What is 613 (base 9) in base 4?
13302
-776 (base 8) to base 7
-1326
Convert 446 (base 14) to base 2.
1101001110
173 (base 13) to base 9
322
242 (base 8) to base 2
10100010
2a9a (base 12) to base 15
1744
33030 (base 4) to base 5
12342
Convert 2012002 (base 3) to base 16.
63b
What is 20112 (base 3) in base 5?
1201
457 (base 10) to base 3
121221
What is 27663 (base 10) in base 9?
41846
What is -12212022 (base 3) in base 13?
-1c3a
-3001 (base 11) to base 14
-1654
Convert 220222200 (base 3) to base 9.
26880
-1434 (base 7) to base 8
-1064
What is -17ac (base 15) in base 8?
-11770
Convert 2121 (base 9) to base 15.
6dd
What is -328a (base 11) in base 2?
-1000011101101
Convert -505202 (base 6) to base 4.
-21301202
What is 233351 (base 6) in base 15?
5ed7
217 (base 11) to base 10
260
2918 (base 11) to base 6
25242
What is -256 (base 9) in base 16?
-d5
-4331 (base 12) to base 2
-1110011010101
12300 (base 6) to base 13
ab3
-e991 (base 16) to base 13
-